1204770742 a multiple of 497?
True
Does 1669 divide 139898329?
False
Is 409573824 even?
True
Is 735 a factor of 286955025?
True
Does 8 divide 150331159?
False
Is 54 a factor of 134266572?
True
Is 11 a factor of 17114845?
True
Is 1042 a factor of 26124107?
False
Is 934 a factor of 1487526694?
True
Does 425 divide 46370475?
True
Does 94 divide 6613451310?
True
Is 114 a factor of 29276796?
True
Is 344289624 a multiple of 28?
True
Is 203 a factor of 258886712?
True
Is 528237551 a multiple of 8?
False
Is 34732218 a multiple of 86?
True
Is 100 a factor of 193203628?
False
Does 300 divide 30147790?
False
Does 9 divide 75479749?
False
Is 11 a factor of 1914231?
True
Is 13 a factor of 1811230654?
False
Does 14 divide 1188964792?
False
Does 807 divide 801874022?
False
Does 145 divide 1309628550?
False
Is 2 a factor of 33539286?
True
Is 9 a factor of 288800046?
True
Does 21 divide 4513554129?
True
Does 2692 divide 197958912?
True
Is 320185527 a multiple of 793?
False
Is 35678548 a multiple of 15?
False
Is 34 a factor of 1738507538?
False
Is 913 a factor of 3040251?
False
Is 24 a factor of 1162661497?
False
Does 6558 divide 2197782540?
True
Does 12 divide 134175600?
True
Is 57 a factor of 1758691623?
True
Is 548 a factor of 15201574?
False
Is 132989540 a multiple of 10?
True
Does 232 divide 5057832?
True
Is 2146132 a multiple of 4?
True
Does 91 divide 67145125?
False
Does 923 divide 353886583?
False
Is 371 a factor of 395884755?
False
Is 29683321 a multiple of 12?
False
Does 22 divide 24919048?
True
Is 52 a factor of 994477435?
False
Is 3 a factor of 211111608?
True
Does 123 divide 1904973789?
False
Is 133 a factor of 112180888?
False
Is 318719401 a multiple of 77?
True
Does 3271 divide 43744415?
False
Is 65726597 a multiple of 3?
False
Is 306 a factor of 461522664?
True
Is 758 a factor of 829474094?
True
Is 11 a factor of 318091999?
False
Is 239 a factor of 4251610?
False
Is 1453 a factor of 2060354?
True
Does 21 divide 66939379?
False
Does 2164 divide 594757797?
False
Is 154217591 a multiple of 629?
True
Does 42 divide 282226518?
True
Does 807 divide 27215859?
False
Is 115551233 a multiple of 2?
False
Is 153329615 a multiple of 2323?
True
Is 433540828 a multiple of 217?
True
Does 5 divide 724034390?
True
Does 4 divide 59395350?
False
Is 32462129 a multiple of 3789?
False
Does 296 divide 63634245?
False
Is 3059 a factor of 263245304?
True
Does 304 divide 50801017?
False
Is 36 a factor of 310634820?
True
Does 2708 divide 158037595?
False
Does 24 divide 6014929?
False
Is 11 a factor of 666829570?
True
Is 13031664 a multiple of 41?
False
Is 29161080 a multiple of 351?
True
Is 124678120 a multiple of 2?
True
Is 6 a factor of 210475744?
False
Does 1041 divide 17723025?
True
Is 4789074326 a multiple of 131?
False
Is 151 a factor of 18101276?
True
Is 8 a factor of 797076099?
False
Is 1339521120 a multiple of 12?
True
Is 3739781429 a multiple of 13?
False
Is 302943299 a multiple of 90?
False
Does 61 divide 199655684?
True
Is 70688405 a multiple of 96?
False
Does 2013 divide 39438329?
False
Is 742 a factor of 94265164?
True
Does 233 divide 15556245?
True
Does 273 divide 11420767?
False
Does 5 divide 9153750?
True
Is 93004748 a multiple of 122?
True
Is 401679080 a multiple of 40?
True
Does 700 divide 65291800?
True
Is 18517302 a multiple of 834?
True
Is 2659 a factor of 387724744?
True
Is 48 a factor of 40381152?
True
Is 14 a factor of 4079814?
False
Is 6 a factor of 3247005?
False
Is 472097917 a multiple of 4?
False
Is 2438628074 a multiple of 9?
False
Is 787474430 a multiple of 10?
True
Does 3797 divide 103012610?
True
Is 169 a factor of 12403282?
False
Is 158484118 a multiple of 1801?
False
Does 136 divide 699087872?
True
Does 547 divide 1731792154?
True
Does 18 divide 37578384?
True
Is 1158 a factor of 784673538?
True
Does 151 divide 5492581?
False
Is 34486746 a multiple of 42?
True
Does 25 divide 114874975?
True
Is 909556604 a multiple of 58?
False
Is 7 a factor of 2273439073?
False
Does 19 divide 2555800979?
True
Is 35356995 a multiple of 3?
True
Is 333609229 a multiple of 91?
False
Is 2 a factor of 129951315?
False
Is 75465900 a multiple of 710?
True
Is 30167003 a multiple of 179?
False
Does 521 divide 6162909?
True
Does 81 divide 182599353?
True
Does 200 divide 11433709?
False
Is 135230368 a multiple of 104?
True
Is 118607387 a multiple of 31?
False
Does 254 divide 130684502?
False
Is 45 a factor of 302040045?
True
Does 35 divide 983826130?
True
Is 219074 a multiple of 6?
False
Is 2051 a factor of 38809022?
True
Is 9327720 a multiple of 10?
True
Does 339 divide 29570292?
True
Is 355 a factor of 407424270?
True
Does 545 divide 6208209519?
False
Does 1131 divide 16987620?
True
Is 699044412 a multiple of 21?
False
Does 210 divide 21214493?
False
Does 861 divide 406700238?
True
Is 70 a factor of 479903060?
True
Is 6022080 a multiple of 452?
False
Does 289 divide 1638098168?
False
Is 481320616 a multiple of 827?
True
Does 96 divide 62892480?
True
Is 28672848 a multiple of 1328?
True
Is 575 a factor of 987114575?
True
Is 9 a factor of 10132092?
True
Is 13504050 a multiple of 70?
True
Is 252491280 a multiple of 93?
True
Does 618 divide 1280009634?
True
Is 100 a factor of 2628000?
True
Does 2021 divide 918858748?
False
Is 38331630 a multiple of 405?
True
Is 936659565 a multiple of 7005?
True
Does 54 divide 12601278?
True
Is 16897950 a multiple of 155?
False
Does 100 divide 268171420?
False
Is 779500 a multiple of 25?
True
Is 54089427 a multiple of 17?
True
Does 24 divide 116830633?
False
Is 1246675419 a multiple of 4756?
False
Does 5 divide 4085306?
False
Is 11440567 even?
False
Is 1572 a factor of 509615676?
True
Does 77 divide 15702036?
False
Is 3210 a factor of 542579445?
False
Is 24 a factor of 28375200?
True
Does 1885 divide 40696220?
False
Is 800 a factor of 829405965?
False
Is 125410432 a multiple of 32?
True
Is 25 a factor of 115162286?
False
Is 88218391 a multiple of 264?
False
Is 36736598 a multiple of 190?
False
Does 17 divide 315929600?
False
Is 295 a factor of 71919230?
True
Is 152123342 a multiple of 169?
False
Is 5 a factor of 3447202?
False
Is 384 a factor of 23256127?
False
Does 1790 divide 228786116?
False
Does 9 divide 229539379?
False
Does 11 divide 563264383?
True
Is 2943 a factor of 159180984?
True
Is 1056 a factor of 1479279627?
False
Is 246868505 a multiple of 65?
True
Does 9 divide 1260104992?
False
Is 27 a factor of 653215174?
False
Is 3457388 a multiple of 3?
False
Does 459 divide 86669821?
False
Is 181074406 a multiple of 820?
False
Is 227300864 a multiple of 1187?
False
Is 4 a factor of 120293390?
False
Is 4 a factor of 1020988?
True
Does 619 divide 25624743?
True
Is 5378523640 a multiple of 35?
True
Is 34827570 a multiple of 438?
True
Is 897144790 a multiple of 38?
False
Is 77333204 a multiple of 221?
True
Is 1540 a factor of 40528180?
True
Is 568764974 a multiple of 17?
False
Does 158 divide 231392738?
True
Is 332711235 a multiple of 37?
False
Is 43 a factor of 1794476?
True
Is 65 a factor of 110764680?
True
Is 31 a factor of 2165508992?
False
Does 32 divide 52343328?
True
Is 1842069964 a multiple of 194?
True
Is 1065713957 a multiple of 3223?
True
Does 1099 divide 300864438?
True
Does 70 divide 13205990?
True
Is 11309247 a multiple of 27?
True
Is 62802432 a multiple of 1239?
True
Is 4681459 a multiple of 10?
False
Is 16 a factor of 1077181792?
True
Is 136937390 a multiple of 1082?
False
Is 14 a factor of 535345494?
False
Does 9 divide 35591886?
True
Does 2 divide 25847591?
False
Is 2975935 a multiple of 157?
True
Does 645 divide 914767254?
False
Does 1405 divide 19940563?
False
Is 434 a factor of 2379444494?
True
Is 10 a factor of 133878340?
True
Is 1093007548 a multiple of 786?
False
Does 35 divide 485019535?
True
Does 6 divide 3731618?
False
Does 145 divide 81224795?
True
Is 23 a factor of 55067405?
True
Does 5906 divide 1730147875?
False
Does 215 divide 10513534?
False
Is 14 a factor of 35249284?
True
Is 1644 a factor of 934927793?
False
Is 21 a factor of 175745388?
True
Is 7 a factor of 21015932?
True
Does 14 divide 15178226?
True
Is 1323 a factor of 385436205?
True
Is 135 a factor of 20874638?
False
Is 2290 a factor of 222004050?
True
Does 13 divide 3345090?
False
Is 13 a factor of 81828552?
True
Is 159 a factor of 9771321